 + 2*g = 78, -4*g + 3*g + k = 0. What are the prime factors of r?
17
Suppose -3*k - 5 = 2*k. List the prime factors of ((-8)/(-4))/(k/(-4)).
2
Let k(m) = m**2 - m. Suppose -5*z + 2 = -3. Let t be k(z). Suppose 4*u - 8*u - j + 22 = t, 0 = -3*u - 2*j + 19. List the prime factors of u.
5
Let d = 30 - 21. List the prime factors of d.
3
Let y(h) = -5*h**3 - h**2 + 5*h + 6. Let v be y(-4). Suppose 0 = -6*x + x + v. What are the prime factors of x?
2, 29
Suppose -94*t + 89*t = -250. What are the prime factors of t?
2, 5
Let p(a) = a**2 + 2*a + 2. What are the prime factors of p(8)?
2, 41
Let u(d) = 13*d**2 + 1 - 2*d**2 - 1 + d. What are the prime factors of u(-1)?
2, 5
What are the prime factors of (2/3)/(2/201)?
67
Suppose r + 114 = 3*r. List the prime factors of r.
3, 19
Let d be (90/(-24))/((-2)/(-24)). Let f = d - -85. List the prime factors of f.
2, 5
Suppose -t + 3*t - 6 = 0, -3*d + 63 = -2*t. Let z = d + -10. List the prime factors of z.
13
Let u(l) = l**3 + l**2 + 3*l + 3. What are the prime factors of u(3)?
2, 3
Suppose -2*d - 6 = -0*d. Let a = d + 8. What are the prime factors of a?
5
Let a(r) = -r + 5. Let v be a(3). Let g(w) = -w**3 - w**2 - 8 - v*w**2 - 6*w**2 - w**2 - w. What are the prime factors of g(-10)?
2
Let f = -1 + 10. What are the prime factors of f?
3
Let k(w) = -326*w + 4. What are the prime factors of k(-1)?
2, 3, 5, 11
List the prime factors of (-1)/(9/(-27)*(-6)/(-178)).
89
List the prime factors of (-51 - 2 - 3)*-1.
2, 7
Let u = 16 + -12. What are the prime factors of u?
2
Let w(k) = -k**2 + 6*k + 5. Let m be w(6). What are the prime factors of (0 + -1)/(m/(-10))?
2
Let q = 286 + -128. What are the prime factors of q?
2, 79
Let q(k) = -18*k - 4. List the prime factors of q(-2).
2
Suppose 0 = -p + 5*k + 83, 2*p - 4*k + 0*k = 190. What are the prime factors of p?
103
Suppose 4*n + 66 = n. Let d = 35 + n. What are the prime factors of d?
13
Let m = -70 + 156. What are the prime factors of m?
2, 43
Let n = -22 - -23. Suppose -4*x + 5*p + n = -23, 0 = p. What are the prime factors of x?
2, 3
Let b = 0 + -7. Let t(p) = p**3 + 4*p**2 - 6*p - 6. Let w be t(-4). Let y = b + w. List the prime factors of y.
11
Suppose -2*c + 6 + 4 = 0. Suppose c*m = -2*j + 58, 25 = m + m - j. What are the prime factors of m?
2, 3
Let b(h) = -h**2 + 5*h + 8. Let v be b(6). List the prime factors of (6/v)/((-1)/(-3)).
3
Suppose -3*u + 20 + 7 = 0. What are the prime factors of (u/4)/((-3)/(-12))?
3
What are the prime factors of 0/(-3) + 2 + 3 + 58?
3, 7
Suppose -3*c - 2*z = 2*c - 492, -2*c + 194 = -2*z. List the prime factors of c.
2, 7
What are the prime factors of -6*2*(5 - -3)*-1?
2, 3
What are the prime factors of (3/(-9)*-6)/((-2)/(-59))?
59
Let j(n) = -n**3 + 13*n**2 + n - 8. Let y be j(13). Suppose -2 = -b, -2*f = -y*b - 187 + 53. Let l = -51 + f. What are the prime factors of l?
3, 7
Suppose 2*i + 4*f = 0, -2*i = 2*f + 2 - 6. Suppose -i*d + 30 = -30. What are the prime factors of d?
3, 5
Let m = 35 + -18. Let y = m + -13. List the prime factors of y.
2
Suppose 0 = -b + m + 14, 0*b - b + 5*m = -22. Suppose -3*a = -81 - b. List the prime factors of a.
31
Suppose -4*c = 14 - 2, 9 = 3*f - 2*c. What are the prime factors of (f - 1)/(-3) - -22?
2, 11
Suppose 3*j + 2*k - 48 - 37 = 0, -3*k = 2*j - 55. Suppose -x + j = -5. List the prime factors of x.
2, 17
Let b = 6 + 24. List the prime factors of (1*b)/(12/8).
2, 5
Suppose 3*g + g = 40. Suppose 3*k = -2*k + g. Suppose 3*z - 33 = -k*r, -6*r = -2*r - z - 73. What are the prime factors of r?
2, 3
Suppose 0*a = -a - 3*m + 5, 5*a - 8 = 2*m. Suppose 5*w + 2*t - 157 = -2*t, t = -a. Let v = w + -22. What are the prime factors of v?
11
Suppose -98 = -y - j, 0 = 4*y + 5*j - 3*j - 386. Suppose -2*x = -h - 9, -2*h + 9 = 3*x + h. Suppose -y = -x*u - u. List the prime factors of u.
19
Let u = 93 - 83. List the prime factors of u.
2, 5
Suppose 2*m + 3*m = -3*i - 4, -5*i = 2*m - 25. Let l(u) = u + 12. What are the prime factors of l(i)?
19
Suppose 4*v + 0*v - 108 = 0. What are the prime factors of v?
3
Suppose -36*m + 790 = -31*m. List the prime factors of m.
2, 79
Suppose -9*w = -4*w - 425. What are the prime factors of w?
5, 17
Suppose -4*q - 16 = -d, 0*q - 3 = q. Suppose -3*s - 18 = -3*w, -5*w + 25 - 4 = d*s. Suppose 0 = -0*h - w*h + 80. List the prime factors of h.
2
Let w = 24 + -19. Suppose 0 = -f - 2*a + w*a + 58, -2*a - 8 = 0. What are the prime factors of f?
2, 23
Let n = -31 + 58. List the prime factors of n.
3
Suppose -10*p + 6*p = 8. Let u be (0 - 0) + p/2. Let o = u + 6. What are the prime factors of o?
5
Let y be (1/(-1))/(1/(-5)). Suppose 0 = 3*c + 4*f - 24, 2*c = y*c - 3*f - 3. What are the prime factors of c?
2
Suppose 5*m + 19 = 4*a + 2*m, -m - 8 = -3*a. Let h be (-2 + 5)*-1 + a. What are the prime factors of ((-36)/h)/(1 + 1)?
3
Let y be 5 - (-6)/(3 - 6). What are the prime factors of 1 - y - 34/(-2)?
3, 5
Let g(t) = -119*t - 15. Let w(l) = -120*l - 15. Let i(x) = -5*g(x) + 6*w(x). Let z(h) = -9*h - 1. Let d(y) = 4*i(y) - 55*z(y). List the prime factors of d(-4).
3, 5
Suppose -5*i - 445 = -10*i. List the prime factors of i.
89
Let h(d) = -d**3 + d**2 + 49. List the prime factors of h(0).
7
List the prime factors of (-2)/(-4)*4 - -12.
2, 7
Suppose -2*g - 3 - 1 = -2*p, -2*p + 2 = -3*g. List the prime factors of 25 + 3 + (-2)/g.
3
Let u(w) = -3*w + 2. Let m be u(-5). Let p = -12 + m. Let g = p + -3. What are the prime factors of g?
2
Suppose 0 = 2*n - 4 - 4. Suppose -3 = -5*o + 17, -2*o + 12 = n*b. Suppose 3*z + 8 = 5*d - 7, 5*z = 4*d + b. List the prime factors of d.
2, 3
Let s(z) = 5*z + 3. Let n be s(3). Suppose 4*t + 2*r = r - 48, 2*r - 24 = 2*t. Let k = n + t. What are the prime factors of k?
2, 3
Let a(w) be the third derivative of -w**2 + 0*w**3 + 0*w - 1/12*w**4 + 0. List the prime factors of a(-3).
2, 3
Suppose -b - 80 = -5*a - 278, 12 = -4*a. List the prime factors of b.
3, 61
Suppose -4 = q + 5. Let i = -5 - q. Suppose d - 6 = -o, -4*d + 6*o + i = 5*o. What are the prime factors of d?
2
Let l(v) = v**2 - v + 1. What are the prime factors of l(-4)?
3, 7
Let b be 1/2 + (-9)/(-6). Suppose 48 = -b*l + 6*l. List the prime factors of l.
2, 3
Let g(m) = -m + 7. Let v be g(-10). Suppose h - 1 = 5*f, -v = -2*h - 4*f - f. What are the prime factors of h?
2, 3
Let q be (8/3)/(2/(-6)). Let w = 11 + q. Suppose 4*y - 5*l = 61, -w*y - y = -3*l - 51. List the prime factors of y.
3
Suppose t - 3 = -0*t, 3*r - t - 75 = 0. Suppose 5*h + 7 = 22. Suppose u = 4*o + h*u - r, -5*u = -5. What are the prime factors of o?
2, 3
Let u(f) = f + 4. Let k be u(-3). Suppose 4*m = 36 + 4. Suppose -3*z = -t - k - 3, 5*z = m. What are the prime factors of t?
2
Let k = -21 - -43. Let y = k - 10. What are the prime factors of y?
2, 3
Let j be (-15)/(-21) - 4/(-14). Suppose -j - 7 = -4*q. Suppose -15 - 9 = -q*f. What are the prime factors of f?
2, 3
Suppose 3*a + 3*t - 456 = 0, -5*a + 778 = -3*t + 2*t. List the prime factors of a.
5, 31
Suppose 17 + 62 = g + 3*h, -148 = -2*g - h. Let o = -51 + g. What are the prime factors of o?
2, 11
Suppose c + 22 = 5*q, 0 = 4*c + 3*q - 22 - 5. Suppose -8*x + c*x - 18 = -2*l, 5*x = -l - 6. Suppose l*m - 68 + 24 = 0. List the prime factors of m.
11
Suppose -v + 5*c = -62, 5*c + 8 + 2 = 0. What are the prime factors of v?
2, 13
Let t(y) = 2*y**2 - 10*y + 4 + 5*y + 6*y. List the prime factors of t(3).
5
Suppose -2*r - 12 = -6*r. Suppose r*m - m - 444 = 0. List the prime factors of m/15 + 3/15.
3, 5
Suppose 50 = 4*g - j + 3*j, 3*g - 51 = 3*j. Let x = g + -9. Suppose x*t - c - 70 = 0, -25 = -3*c - 2*c. List the prime factors of t.
3, 5
Suppose 0 = -3*j - 2*y, 2*j = 4*j + 2*y. Let d = j - 0. Suppose d = 6*t - 3*t, 3*t + 5 = h. List the prime factors of h.
5
Let j(h) = -8*h + 35. What are the prime factors of j(-8)?
3, 11
List the prime factors of (3/(-6))/(3/(-180)).
2, 3, 5
Let r(c) = -2*c + 2*c + 6*c. Let x be r(1). Suppose 10 = 2*i - x*h + 3*h, 3*i - 41 = -2*h. List the prime factors of i.
11
Let n(k) = -k - 3. Let g = -3 + -3. Let l be n(g). Suppose l*h - 11 - 5 = -2*u, -5*h + 15 = u. What are the prime factors of h?
2
Let q = 67 + -35. List the prime factors of q.
2
Let u be (152/(-20))/(2/(-10)). Let t = u - 27. What are the prime factors of t?
11
Let b(y) = 5*y**3 - 2*y**2 + 1. Let r be 